 of 123226.
2, 61613
List the prime factors of 3269.
7, 467
List the prime factors of 78442.
2, 7, 13, 431
What are the prime factors of 2607?
3, 11, 79
What are the prime factors of 5466?
2, 3, 911
What are the prime factors of 1161?
3, 43
List the prime factors of 822.
2, 3, 137
What are the prime factors of 2180?
2, 5, 109
List the prime factors of 486.
2, 3
What are the prime factors of 24790?
2, 5, 37, 67
What are the prime factors of 5713?
29, 197
List the prime factors of 43264.
2, 13
What are the prime factors of 4415?
5, 883
List the prime factors of 1168.
2, 73
List the prime factors of 185956.
2, 46489
What are the prime factors of 40710?
2, 3, 5, 23, 59
List the prime factors of 104163.
3, 34721
What are the prime factors of 7477?
7477
What are the prime factors of 2390?
2, 5, 239
What are the prime factors of 64507?
251, 257
What are the prime factors of 1874?
2, 937
What are the prime factors of 16963?
16963
List the prime factors of 8389.
8389
List the prime factors of 98801.
98801
What are the prime factors of 5099?
5099
List the prime factors of 104818.
2, 7, 7487
What are the prime factors of 107?
107
What are the prime factors of 3133?
13, 241
List the prime factors of 804.
2, 3, 67
List the prime factors of 3384.
2, 3, 47
List the prime factors of 20668.
2, 5167
List the prime factors of 903.
3, 7, 43
What are the prime factors of 8331?
3, 2777
What are the prime factors of 51857?
13, 3989
List the prime factors of 24842.
2, 12421
What are the prime factors of 692?
2, 173
List the prime factors of 15376.
2, 31
What are the prime factors of 2056?
2, 257
List the prime factors of 1420.
2, 5, 71
List the prime factors of 68504.
2, 8563
List the prime factors of 55252.
2, 19, 727
List the prime factors of 106938.
2, 3, 13, 457
What are the prime factors of 1173?
3, 17, 23
What are the prime factors of 37198?
2, 7, 2657
What are the prime factors of 14939?
14939
List the prime factors of 5474.
2, 7, 17, 23
List the prime factors of 8512.
2, 7, 19
What are the prime factors of 1976?
2, 13, 19
What are the prime factors of 74090?
2, 5, 31, 239
What are the prime factors of 5328?
2, 3, 37
What are the prime factors of 2718?
2, 3, 151
What are the prime factors of 5598?
2, 3, 311
What are the prime factors of 3257?
3257
List the prime factors of 9200.
2, 5, 23
List the prime factors of 1449.
3, 7, 23
What are the prime factors of 65294?
2, 32647
List the prime factors of 71546.
2, 83, 431
List the prime factors of 97269.
3, 32423
What are the prime factors of 5028?
2, 3, 419
What are the prime factors of 1286?
2, 643
What are the prime factors of 1777?
1777
What are the prime factors of 4003?
4003
List the prime factors of 1127.
7, 23
List the prime factors of 2839.
17, 167
What are the prime factors of 3240?
2, 3, 5
List the prime factors of 77362.
2, 47, 823
What are the prime factors of 9660?
2, 3, 5, 7, 23
What are the prime factors of 20842?
2, 17, 613
What are the prime factors of 7365?
3, 5, 491
List the prime factors of 134175.
3, 5, 1789
What are the prime factors of 2505?
3, 5, 167
What are the prime factors of 26884?
2, 11, 13, 47
List the prime factors of 1215.
3, 5
List the prime factors of 5252.
2, 13, 101
List the prime factors of 1910.
2, 5, 191
List the prime factors of 89809.
89809
What are the prime factors of 9452?
2, 17, 139
List the prime factors of 2884.
2, 7, 103
List the prime factors of 8209.
8209
List the prime factors of 3949.
11, 359
List the prime factors of 114674.
2, 7, 8191
What are the prime factors of 241?
241
List the prime factors of 125698.
2, 17, 3697
List the prime factors of 2973.
3, 991
What are the prime factors of 477?
3, 53
List the prime factors of 5065.
5, 1013
List the prime factors of 9973.
9973
List the prime factors of 863.
863
List the prime factors of 85221.
3, 17, 557
List the prime factors of 13272.
2, 3, 7, 79
List the prime factors of 25705.
5, 53, 97
What are the prime factors of 2179?
2179
List the prime factors of 14929.
14929
List the prime factors of 961.
31
List the prime factors of 1076.
2, 269
What are the prime factors of 31890?
2, 3, 5, 1063
What are the prime factors of 41733?
3, 4637
What are the prime factors of 36566?
2, 47, 389
What are the prime factors of 1170?
2, 3, 5, 13
What are the prime factors of 1395?
3, 5, 31
List the prime factors of 20964.
2, 3, 1747
What are the prime factors of 35648?
2, 557
What are the prime factors of 16966?
2, 17, 499
What are the prime factors of 36063?
3, 4007
What are the prime factors of 2024?
2, 11, 23
List the prime factors of 494.
2, 13, 19
What are the prime factors of 11893?
7, 1699
What are the prime factors of 24598?
2, 7, 251
What are the prime factors of 65805?
3, 5, 41, 107
What are the prime factors of 698?
2, 349
List the prime factors of 17547.
3, 5849
What are the prime factors of 9890?
2, 5, 23, 43
List the prime factors of 1090.
2, 5, 109
List the prime factors of 12.
2, 3
List the prime factors of 45483.
3, 15161
What are the prime factors of 2047?
23, 89
What are the prime factors of 5819?
11, 23
What are the prime factors of 125114?
2, 11, 47
What are the prime factors of 5488?
2, 7
List the prime factors of 11223.
3, 29, 43
What are the prime factors of 999?
3, 37
List the prime factors of 5080.
2, 5, 127
List the prime factors of 7542.
2, 3, 419
List the prime factors of 95748.
2, 3, 79, 101
What are the prime factors of 35533?
35533
List the prime factors of 1236.
2, 3, 103
List the prime factors of 89473.
131, 683
List the prime factors of 119569.
119569
What are the prime factors of 15889?
15889
What are the prime factors of 1897?
7, 271
What are the prime factors of 376?
2, 47
List the prime factors of 175.
5, 7
What are the prime factors of 1856?
2, 29
List the prime factors of 8383.
83, 101
What are the prime factors of 35073?
3, 433
What are the prime factors of 1383?
3, 461
What are the prime factors of 445?
5, 89
What are the prime factors of 25419?
3, 37, 229
List the prime factors of 10315.
5, 2063
List the prime factors of 1042.
2, 521
List the prime factors of 2410.
2, 5, 241
What are the prime factors of 3103?
29, 107
List the prime factors of 539.
7, 11
List the prime factors of 62367.
3, 20789
What are the prime factors of 2532?
2, 3, 211
What are the prime factors of 66307?
61, 1087
What are the prime factors of 86219?
7, 109, 113
List the prime factors of 81258.
2, 3, 29, 467
List the prime factors of 9008.
2, 563
List the prime factors of 6270.
2, 3, 5, 11, 19
What are the prime factors of 2283?
3, 761
List the prime factors of 2159.
17, 127
List the prime factors of 31016.
2, 3877
List the prime factors of 14242.
2, 7121
What are the prime factors of 8621?
37, 233
List the prime factors of 250.
2, 5
What are the prime factors of 61?
61
List the prime factors of 4423.
4423
List the prime factors of 881.
881
What are the prime factors of 7543?
19, 397
What are the prime factors of 10671?
3, 3557
List the prime factors of 28574.
2, 7, 13, 157
List the prime factors of 183.
3, 61
What are the prime factors of 32?
2
What are the prime factors of 16052?
2, 4013
What are the prime factors of 18628?
2, 4657
List the prime factors of 4963.
7, 709
List the prime factors of 26.
2, 13
List the prime factors of 18180.
2, 3, 5, 101
What are the prime factors of 2697?
3, 29, 31
List the prime factors of 18660.
2, 3, 5, 311
What are the prime factors of 18467?
59, 313
What are the prime factors of 2896?
2, 181
List the prime factors of 780.
2, 3, 5, 13
List the prime factors of 1298.
2, 11, 59
What are the prime factors of 5456?
2, 11, 31
List the prime factors of 632.
2, 79
List the prime factors of 423.
3, 47
List the prime factors of 13180.
2, 5, 659
What are the prime factors of 13126?
2, 6563
List the prime factors of 43051.
43051
What are the prime factors of 160?
2, 5
What are the prime factors of 1471?
1471
List the prime factors of 125635.
5, 25127
List the prime factors of 70161.
3, 7, 13, 257
What are the prime factors of 150176?
2, 13, 19
List the prime factors of 382.
2, 191
List the prime factors of 13933.
13933
What are the prime factors of 967?
967
What are the prime factors of 472?
2, 59
What are the prime factors of 2885?
5, 577
What are the prime factors of 1662?
2, 3, 277
Li